-74)?
-9
What is (9 + -17 - (-39 - -46)) + 77?
62
Evaluate -11 - 2 - (-7 - -33 - (-12 + 23 + 4)).
-24
Calculate -104 + 96 + 91 + -219.
-136
What is (4 - -45) + 366 + -436?
-21
Evaluate -3145 + 3102 - (1 + (-1 - 20)).
-23
What is (138 - -13) + -86 - (3 - 24)?
86
Evaluate (39 - 27) + -21 + ((12 - 3) + 5 - -3).
8
What is (-1 - 2) + -11 + -5784 + 5759?
-39
Calculate 73 - (-19 - -31 - -51).
10
Evaluate -76 + (27 - -24) + 52.
27
What is the value of 33 - ((-49 - (48 + -23)) + 32)?
75
Evaluate (-16 - -2) + 86 + -28 + -39.
5
Evaluate 77 - (95 + -21) - 46.
-43
What is 18 + (-1 - 12 - ((168 - 37) + -92))?
-34
What is the value of -100 - (-8 + 12 - 18 - (-1 - -5))?
-82
(-1 - 1) + -25 + (-24 - -55) + -10
-6
What is the value of 3 - 25 - (-14 - -52 - 77)?
17
Evaluate 19 + (-21 - 9) + (0 - -6).
-5
Evaluate (337 - 418) + 20 + -25.
-86
What is -9132 + 9073 + (2 + -2 + -16 - -4)?
-71
5 + -2 + (-19 - -2 - -2 - -19)
7
Calculate -984 + 992 - (0 - (-1 + 3) - -3).
7
Evaluate 5 - (2 - -3 - 6 - (-7 + 12) - -119).
-108
Calculate 38 - (-42 + 93 - 52).
39
Calculate 39 - (35 - (99 + 7)).
110
What is the value of -3 - -9 - (32 - (20 + -11)) - 28?
-45
What is -10 + (-4 + (1 - 4) + 18 - -60) - 1?
60
What is -46 + -27 + 45 + 42 + -13?
1
What is (-58 - (-4 + 1 + 5) - (-493 - -493)) + -6?
-66
Calculate -97 + (38 - 60) + -1.
-120
Calculate -32 + -10 + -14 + 35 - -26.
5
What is -21 - (-21 + 11 + -18) - 21?
-14
-8 + (-10 - -4 - 10 - -15) + 92
83
What is the value of -49 + (-17 - (-4 - (-3 + 14)) - 12)?
-63
Calculate -12 + 2 - 0 - (97 - (20 + 64)).
-23
Evaluate 69 - (-78 - 15) - 93.
69
Calculate -69 + 60 + -8 + 1.
-16
Evaluate -17 + -4 + 2 + -76 + 20 - -1.
-74
Evaluate 12 - (1 + -13 - (5 + 14 + -6 + -24)).
13
-1 - ((-37 - (17 + -22)) + -18)
49
-13 + (4 - 3) + (50 - 39 - 30)
-31
-10 + -1 + (108 - (-128 + 232))
-7
What is the value of -83 + 14 - -35 - -28 - (-45 + (-3 - -1))?
41
What is the value of (-12 + 12 - -1) + (26 - -17) + 3?
47
(64 + 28 - 87) + 8 + 2
15
What is 30 + (5 - (37 - 9 - 14) - -20)?
41
Evaluate 0 + (10 - 17) + 26 + (-15 - 0).
4
Calculate -13 + 37 + 77 + -151.
-50
Calculate 12 - (21 + 0 + -31).
22
What is the value of -1 + (5 - 2) + (5 - 17) - -28?
18
(25 - (-9 + 8)) + -10 + -83
-67
(6 - 3 - 14 - (-25 + -41 + 35)) + -8
12
What is 77 + (33 - 19) + -32?
59
What is the value of -42 + (-19 - -58 - 23) - (1 - -6)?
-33
Calculate (-17 - (15 - 15 - 36)) + 12 + 65.
96
Evaluate 0 + 5 + (9 + -3 + 12 - 13) - 120.
-110
What is (6 - 28) + -5 + -23?
-50
What is 25 + -14 + 8 + -1 - -8?
26
Calculate 1 + -52 - 3 - (2056 - 2093).
-17
26 - ((86 - 42) + 72)
-90
What is the value of 9 - (-10 - (-54 - (6 - (-15 - -9 - -4))))?
-43
Evaluate -92 - (-31 - -11) - -36.
-36
Evaluate -15 + 111 - (55 - (-47 - -61)).
55
Evaluate -26 + (5 + 3 - (175 + -164)).
-29
Evaluate -7 + 34 + (-323 - -285).
-11
(-1 - 2) + 50 - (475 - 495)
67
Evaluate -87 - (-44 - 32) - 60.
-71
What is the value of (1 - -52) + (-21756 - -21694)?
-9
What is the value of -2 + -10 - (10 - 106 - (-1 - -24)) - -1?
108
What is the value of -7 - (13 - ((5 - (0 - (-14 - -8))) + 2))?
-19
Evaluate -149 + 119 - (11 + 1) - ((-21 - -7) + 8).
-36
What is 6 + 4 - 26 - -6 - ((32 - 48) + 132)?
-126
-41 - (-2 + (17 - 17))
-39
Calculate 252 + -222 + (-1 - 1).
28
What is 140 + (-112 - -15 - -25)?
68
Calculate 28 + -26 + (3 - (7 + -2)) - (18 - 6).
-12
Calculate 145 + (53 - 240) - (-28 + 1).
-15
Evaluate -6 + (-11 - ((-66 - 6) + 18)).
37
Calculate -26 + 2 + -3 + (1892 - 1878).
-13
72 + 5 + (42 - 25 - 41)
53
What is the value of -842 + 789 + -3 + 31?
-25
What is the value of -58 - (4 + 0 + -9 + -10 + 23)?
-66
Evaluate 5 - (6 + (8 - (1 - (11 - -52))) + -11).
-60
Evaluate -76 + (-14 + -7 - 14) - -3.
-108
Evaluate -20 - (11 + -74) - 16.
27
Calculate (-30 - -22) + 2 + (-5 - -37).
26
-47 + 74 - ((-15 - 14) + -37)
93
Calculate -15 - (-112 + 32 - -36).
29
What is 20 - (-13 + (0 - (-16 + (-5 - -9))))?
21
Evaluate (7 - 4) + (195 - (143 + -74)).
129
What is -16219 - -16131 - (-87 - 0)?
-1
Calculate 362 + -349 + -7 + 14.
20
Evaluate -35 + 58 + 58 + -38.
43
Evaluate (10 - 4) + 48 + -42 + -11 + 74.
75
Calculate (0 - -4) + (2 - -1 - (2 - -15) - -110).
100
What is the value of 9071 + -9137 - (0 + 13)?
-79
What is the value of 49 - (-18 - -39 - -34)?
-6
-63 + -14 - (-13 - (-18 - 24))
-106
Evaluate -28 + -3 + 50 + -26 + (-11 - 0).
-18
Calculate (8 + 43 - 72) + 64.
43
What is 3 + 0 + 0 + -58 - (-5166 - -5161)?
-50
Evaluate 33 + (35 + 15 - -47) + -13.
117
What is 13 - -1 - -5 - (131 - (18 + 10))?
-84
Evaluate 7 + (-2 - (-7 - (5 - 11))) - (115 + -83).
-26
What is the value of -15 - 2 - (-3541 - -3581)?
-57
What is (-3 - 0 - 69) + 3?
-69
Evaluate -85 + 78 + 44 + -8.
29
Calculate -4 + (6 - -21) + -10 + -16 + (0 - -101).
98
Evaluate 31 - (5 + 23 + -8) - ((6 - -3) + -2).
4
Evaluate (-18 - -39 - 8 - 78) + 9 - 1.
-57
Calculate 45 + (-73 - (-33 - -53)).
-48
Evaluate -12 + (9 + -41 - (-35 + 22)).
-31
0 + (15 - (-11 + 6 - -6)) + 24
38
Calculate -127 + (-2 - -26 - (-13 - -4)).
-94
What is 6 + ((16 - 11) + -68 - -2) + (2 - -5)?
-48
What is -311 - -95 - -207 - (-134 + 1)?
124
Calculate 3 + 1 + (5 - 19) + -724 + 715.
-19
What is the value of -106 - -110 - -81 - (1 + 11)?
73
What is -26 - 0 - (-484 - -457)?
1
What is (4 - 98) + (-1 + 10 - (4 + 6 + 3))?
-98
Evaluate 40 + -34 + 1 + 0 + (15 - -12 - -1).
35
What is -5 - (1 + 0) - ((-39 - 5 - -20) + -4)?
22
What is the value of -20 + 3 + 31 + (-466 - -449)?
-3
What is 3 - 164 - (-47 + -27)?
-87
What is the value of -17 - -14 - (13 + 0) - (6 + -4 - 15)?
-3
Calculate -22 - 5 - (4 - -8) - 12.
-51
-105 - (-54 + (43 + -81 - -59))
-72
(3 - -4) + 13 + (-102 - -31) - (0 - 2)
-49
What is the value of (0 - -10) + (-50 - (-32 + 20 - -6)) + -3?
-37
Calculate -2 - -7 - (-12 - (-2 + -42 + -14)).
-41
Calculate (-20 - -73) + -66 - 32.
-45
Evaluate -1 - -28 - (-99 - (-35 - 135)).
-44
What is the value of -17 + 43 - 37 - -37 - 66?
-40
(-7 + -5 - -15) + -53 + (-2 - -5)
-47
Calculate -54 + (18 + -6 + -5 - (-3 + -2 + 14)).
-56
What is the value of (-2 - (-1 + -9)) + -17 + -16?
-25
What is the value of 8 - ((21 - -59) + (-1 - 3))?
-68
What is -73 - ((-28 - -5) + (59 - 46))?
-63
45 - 97 - -97 - (97 - -8)
-60
What is the value of -6 - (-7 - -8 - -2) - (-34 + 124)?
-99
Calculate -29 - -12 - (8 - (3 + 9)) - -39.
26
What is the value of (99 - 26 - 134) + 3?
-58
Calculate (2 - 0) + 159 + -159 + -22 + 2.
-18
Evaluate (3 - 2) + -7 + (17 - (-33 - 42) - -37).
123
What is the value of 111 + 39 + -88 + -49?
13
Evaluate -14 - (-15 + 32 - 4 - (2 - 7 - -30)).
-2
-3 + -14 + 3 - (4 - 18 - -56)
-56
What is the value of 36 + (-3765 - -3760 - (1 + -15 - (0 - 2)))?
43
Evaluate -57 + 42 - (25 + -13 + 4).
-31
Calculate (-10 - 48 - -20) + 24 - -7 - 12.
-19
Evaluate 6 + 30 + (-8 - 6).
22
Calculate -5 - (-4 - 90) - (5 - (17 + (11 - 10))).
102
Evaluate 51 + -19 + (8 - 5 - (23 - 28)).
40
What is the value of (14 - (28 - (54 + -30))) + -34 + (-1 - -2)?
-23
Evaluate (-7 - 35) + -4 + 11 + -7 - (-8 + -3).
-31
Evaluate -25 + -5 + 28 + -72 + 38.
-36
What is 6 + -1 - (-7 + 10 + 123 + (172 - 187))?
-106
What is the value of 74 + -27 + -51 + 8 + 0 - 88?
-84
What is the value of 83 + (65 - 108) - -28?
68
What is -83 + 80 - ((12 - -6) + 25)?
-46
What is the value of 6 + (-9 - 53 - -36)?
-20
Calculate 19 - (3 - ((-1 + 2 - (8 - 31)) + -11)).
29
Calculate (2 - -16) + (-30 + 82 - 87).
-17
Evaluate 2 + 0 + 56 - (8 - -2 - (579 - 569)).
58
What is the value of -76 + 53 + -7 + 3 + -1 - -10?
-18
What is the value of -59 + 107 + -51 + -19 + 0?
-22
0 - (-69 + 81 - (-1 + -13 - 1))
-27
What is the value of (2 - 1 - -17) + (-1097 - -1034)?
-45
What is 7 - (-1 - (5 - 40)) - -123?
96
What is -19 + 59 + (-30 - 8)?
2
(8 - 5) + (34 + -1 - (18 - (36 - 11)))
43
Calculate -56 + 24 + -2 + 93 + 22.
81
What is -31 + -117 + 38 + 13 + (1 - 3)?
-99
Calculate 11 - (0 - 2) - (39 + -160 + 66).
68
Calculate -40 + -11 + -4 - (-4 - 1) - -3.
-47
26 + 0 + (-58 - -73 - 120)
-79
Calculate 9 + -66 + -4 + (5 + (0 - 9) - -13).
-52
What is the value of -110 - (-20 - -63 - 231)?
78
3 + (38 - 50) + -27
-36
Calculate 3 + -1 + -20 + (-33 - (-80 + 38)).
-9
Calculate 17 - (-34 + 62 + -33) - -48.
70
Evaluate -5 - (8 + 3 - (102 + -124)).
-38
What is -15 + 24 + -2 - (-74 + 20)?
61
What is the value of -18 + 4 + -18 + -6?
-38
-23 + (638 - 652 -